s the tens digit of a?
1
Let i be (-2 - (-2 + 1)) + -4. Let g = i + 7. Suppose 5*r - 4*v - 52 = 0, -g*v - 8 + 24 = r. What is the units digit of r?
2
Let o(j) = j**3 - 3*j**2. Let s be o(3). Let b = s + 1. Suppose -4*x - b = -5*x. What is the units digit of x?
1
Let b(z) = -33*z**3 - 2*z**2 - 4*z - 3. What is the hundreds digit of b(-2)?
2
Let q(u) = u**2 - u. Let z be q(1). Let o(v) = -v + 33. What is the tens digit of o(z)?
3
Let a = 3 - 1. Let p = a - 0. Suppose -p*b + 2 = -0. What is the units digit of b?
1
Let s(i) = -i + 12. Let o be s(8). Let w = 7 - o. Suppose w*z + 3*t - 19 = 4*t, 0 = -z - t + 1. What is the units digit of z?
5
Suppose 2*d = 9 + 7. What is the units digit of (-1)/(-4) - (-14)/d?
2
Suppose -4*a - 3*z + 40 + 55 = 0, 75 = 3*a + z. Let u = a - 16. Let w(v) = -v**3 + 11*v**2 - 10*v + 14. What is the units digit of w(u)?
4
Let r = -2 - -25. What is the units digit of r?
3
Suppose 0*v - v = 0. Suppose v = -c - c. What is the units digit of (-2 + c + 3)*1?
1
Let w be (-81)/(-3) - -2*1. Suppose 4*q = d - w, -3*q - 5*d + 43 = -6*q. What is the units digit of ((-18)/4)/(q/12)?
9
Let o = -48 + 24. What is the tens digit of ((-48)/(-9))/((-4)/o)?
3
Suppose -2*h = -5*h + 30. What is the units digit of h?
0
Let k = -21 - -21. Let b(x) = -x + 2*x**2 - 4*x**2 + x**2 + 5. What is the units digit of b(k)?
5
Let r = 74 - 56. What is the tens digit of r?
1
Let q(x) = -3*x**2 + 4*x + 3. Let h be q(4). Let w be (-6)/27 + h/(-9). Let y = w + 7. What is the tens digit of y?
1
Suppose 5*z - 24 = -4*w, 4*z + 4*w = 3*w + 17. Let k = z - -20. What is the tens digit of k?
2
Let y be (1 + -4)/((-6)/4). Let n be (-13 - -1)*y/(-4). Suppose -2*b + n + 20 = 0. What is the tens digit of b?
1
Suppose 57 + 15 = 4*k. What is the units digit of k?
8
What is the tens digit of (-9)/21 - (-2628)/7?
7
Suppose 53 = 4*l - 5*f, -10 - 14 = -2*l + 2*f. What is the units digit of l?
7
Let s be (2 - -1) + (-2 - -1). Suppose 14 = s*a + 5*k, 0 = -3*a - k + 4 + 4. What is the units digit of a?
2
Let x = 5 + 0. Suppose 13 = d + 3*z + x, -5*d + 94 = -3*z. What is the tens digit of d?
1
Let h(s) = -s**2 - 11*s + 5. Let y be h(-11). Suppose 0*l - 126 = -4*t + l, -114 = -4*t - y*l. What is the units digit of t?
1
Let r be -5 - (4 + -5 - 1). Let h be (7 + 0 - 0)*1. Let a = h - r. What is the units digit of a?
0
Let g = 20 - 30. Let f = g + 24. What is the tens digit of f?
1
Let u(q) = -q + 3. What is the tens digit of u(-9)?
1
What is the units digit of -12*(-2 + 69/(-12) - 2)?
7
Suppose 5*z = 4*o + 149 - 20, -2*o = -3*z + 77. What is the tens digit of z?
2
Let s be 2/(-3) - 33/(-9). Let u = s + 0. What is the units digit of u?
3
Let u(g) = -97*g + 4. What is the hundreds digit of u(-2)?
1
Let f = 3 + -1. Suppose f + 1 = x. What is the units digit of x?
3
Let j be -2 + (-1 + 0 - -3). Suppose 4*v - 5 = -v + n, j = -2*v - n + 9. What is the units digit of v?
2
Suppose 9 = 4*p - p. Suppose 3*m - 67 = -4*g, -3*m + p*g = -5*m + 46. Suppose m = -3*s + 68. What is the units digit of s?
7
Let h(w) = w**3 - 10*w**2 - 7*w. What is the units digit of h(11)?
4
Let u = 5 + -6. What is the units digit of (1/(-3))/(u/12)?
4
Suppose 5*c - 2*b - 778 + 241 = 0, 2*c - 215 = b. Let n = c + -64. What is the tens digit of n?
4
Let m(l) = -15*l**3 - 4*l**2 + 0*l + 4*l**2 + l**2 + l. Let i(j) = j**2 - 7*j - 1. Let k be i(7). What is the tens digit of m(k)?
1
What is the tens digit of (18/30 + (-247)/(-5))*1?
5
Let r(l) = -5*l + 4. Let n(k) = -6*k + 4. Let g(t) = -3*n(t) + 4*r(t). What is the units digit of g(-4)?
2
Let x(z) = -z + 8. Let a be x(5). Suppose -a*t = 8 - 20. What is the units digit of 2*(-2)/t - -5?
4
Suppose 3*q - 42 = 2*q. What is the tens digit of (2 + 0)*q/4?
2
Let u = 1 - -2. What is the units digit of 1/((-3)/((-153)/u))?
7
Suppose -57 - 223 = -5*h. What is the units digit of h?
6
Let f be (0 - 1)/((-3)/9). Let j = f - -9. What is the units digit of j?
2
Let b be ((-3)/5)/((-2)/10). Suppose b*o = 7*o - 104. What is the tens digit of o?
2
Let j be 2 + -2 + 1 + -1. Let r = j - -4. Suppose 3*d + 8 = r*d. What is the units digit of d?
8
Let q = 92 - 25. What is the units digit of q?
7
Let c(h) = h**2 - h + 3. Let w be c(-3). What is the tens digit of (32/10)/(3/w)?
1
Let n be (-1)/3 + 10/3. Suppose n*g - 7 = 11. Suppose 0 = -3*x - g, 2*j + 12 = 4*j - 2*x. What is the units digit of j?
4
Let d = 254 + -99. What is the tens digit of d?
5
Suppose 0 = -t - t + 40. What is the units digit of t?
0
Let k = -1 + -1. Let g be 0 + -3 + 25 - k. Suppose 4*j - g = 4. What is the units digit of j?
7
Let y be (1/2)/((-2)/(-8)). Suppose y*u - 159 = 13. Suppose -i + 68 = 4*d + 2*i, u = 5*d + 4*i. What is the tens digit of d?
1
Let j(g) = -1 + 3*g + 6*g - 4*g. Let k be (6/(-4)*2)/(-1). What is the units digit of j(k)?
4
Let c(k) = 5*k**3 + 0*k**3 - 7*k**2 - 6 - 6*k**3 - 10*k. What is the tens digit of c(-6)?
1
Let k(y) = -y**2 - 3*y + 5. Let a be k(-4). Let r = a + -1. Suppose -b + 27 = -3*s, 3*b - 51 = -r*s + 3*s. What is the units digit of b?
2
Let d(g) = -g**2 + 0*g**2 + 8*g + 2*g**2 + 2. What is the units digit of d(-8)?
2
Let f = 251 - 128. What is the hundreds digit of f?
1
Suppose 4*p = -3*c - 0*c - 14, 2*c + p = -11. Let z = c - -8. Suppose 3*w - 2*w - z = 0. What is the units digit of w?
2
Let v(a) = a**2 - 7*a + 7. Let g be v(6). Let z be (-3)/(-3) + g + 10. What is the units digit of 8/z - 1/(-3)?
1
Let q(b) = -b**3 - 6*b**2 - 9*b - 2. What is the tens digit of q(-6)?
5
What is the units digit of (0 - -4 - 3)*38?
8
Let i = -299 - -449. What is the units digit of i?
0
Let j = -4 + 0. Let r(l) = 2 + l + 0 - 4 - 2*l. What is the units digit of r(j)?
2
Suppose -91 = 4*r + 33. Let n = r - -70. Suppose -3*o + 3*k = -n, 6*o - k - 73 = o. What is the units digit of o?
5
Let m = -14 - -2. Let n be 12/(-5)*90/m. Suppose 0 = -0*h - 2*h + n. What is the units digit of h?
9
Suppose c + 0*c = 3*x + 17, -4*x - 24 = -2*c. Suppose -c*k = 6, 3*y - 4*y + 3*k = 0. What is the units digit of 76/18 - (-2)/y?
4
Let f(w) = w**3 + w**2 - 2*w. Let v be f(0). Suppose 0*q + 4*q = 8. Suppose v = -q*l + 4*l - 28. What is the units digit of l?
4
Let m = -27 + 38. Let d = m - -23. What is the units digit of d?
4
Let s(t) = -4*t - 10. What is the tens digit of s(-9)?
2
Let u = -13 - -18. Suppose -2*t + u*l = t - 106, -115 = -3*t - 4*l. Suppose -5*o + t = 4*g, 3*o - 6 - 15 = -2*g. What is the units digit of o?
5
Suppose 0 + 9 = -3*l. What is the units digit of (l + (18 - 1))*1?
4
Suppose 12*m - 985 = 7*m. What is the hundreds digit of m?
1
Suppose -3*k - z + 18 = 0, 5*z = k + k - 12. What is the units digit of k?
6
Let b(c) = c + 19. Let j(v) = 2*v + 58. Let x(p) = -10*b(p) + 3*j(p). What is the units digit of x(-13)?
6
Suppose -158 = -3*y - k - 3*k, 174 = 4*y - 2*k. What is the tens digit of y?
4
Let w(m) = -m**2 + 2*m + 3. Let y be w(3). Suppose 5*i - 3*i - 72 = y. What is the units digit of i?
6
Suppose -3*v + v + 12 = 0. Suppose 4*b + 5*u = 12, -4*b = -v*u + u - 12. What is the units digit of b?
3
Suppose -2*t + 3*l + 1 = -0, 5*t - 28 = -l. Let k(f) = -f**2 + 7*f - 5. Let g be k(t). Suppose g*v = 3*v + 10. What is the units digit of v?
5
What is the tens digit of (105/(-14))/(9/(-60))?
5
Suppose -2*f = -2 - 6. Suppose f*t + 36 = 6*t. Suppose -3*d = -d - t. What is the units digit of d?
9
Let u(n) = n**3 - 7*n**2 + n - 5. Let o be u(7). Suppose 0 = -2*r + 3*r - o. Suppose r - 10 = -2*j. What is the units digit of j?
4
Let f = 6 - 1. Suppose f*b - 79 = 1. What is the units digit of b?
6
Let r(l) = 4*l**3 - 3*l - 2. Let n(y) = 3*y**3 + y**2 - 3*y - 1. Let m(s) = -5*n(s) + 4*r(s). What is the units digit of m(5)?
2
Let w = 36 - 22. What is the units digit of w?
4
Suppose -2 = -3*s - 5. Let y = 2 - s. What is the units digit of y?
3
Suppose 6 + 2 = 2*d. Suppose 4*u + 3*j = 14 + 5, d*u - j = 31. Let p = u + -5. What is the units digit of p?
2
Let c(a) = 2*a**2 - 2*a**2 + 0*a**2 + 7*a - 7 - a**3 + 4*a**2. What is the units digit of c(5)?
3
Let o = -116 + 162. What is the tens digit of o?
4
Let g(n) = 8*n**2 + n + 4. What is the units digit of g(3)?
9
Let l = -6 - -9. Suppose -4*z + 5 = -l. What is the units digit of z - 6*(-4)/6?
6
Suppose 18*c - 15*c - 198 = 0. What is the units digit of c?
6
What is the tens digit of (-5)